lse
Let r be 0 + -74 + 2 + -3. Let a = r - -271. Let t = a - -319. Is t prime?
False
Suppose 0 = j + 3*j - 3*i - 8, 6 = -2*j - i. Let w be j/((-2)/(-10))*-9. Is w/(-10)*(-22)/3 a composite number?
True
Is (-56)/140 + 58717/5 composite?
False
Let f be 6496/42*42/8. Let t = -475 + f. Is t prime?
True
Let r(m) = m**2 + m - 4. Let y be r(4). Let z be 4/16 + 44/y. Is 64 + (3 - -1) + z prime?
True
Suppose -8*g - 373625 = -1044577. Is g composite?
False
Is 56/(-42)*(-7677)/6 a prime number?
False
Suppose 3*d = m + 44, -5*m + 60 = 3*d - 2*m. Let h(g) = -8*g - 23. Let k be h(d). Let w = k - -236. Is w a prime number?
False
Let j = 1553 - 514. Suppose -j + 3149 = 5*d. Is d a composite number?
True
Let i = 47 + -72. Let o = -20 - i. Is 113/o*(-2 - -7) a composite number?
False
Suppose 2*r = 5*r + 18. Let p(t) = 2*t**2 + 2. Is p(r) a composite number?
True
Let x(f) = -24*f + 1. Let t be x(-1). Let o(k) = -5 + t*k + 4 + 23*k. Is o(4) a composite number?
False
Let r be (-1 - 1)*(-4 - 4). Let n(m) = m**3 - 17*m**2 + 17*m - 1. Is n(r) a composite number?
True
Let n(g) = g**3 + 13*g**2 + 12*g - 5. Suppose 0*h - 5*q = -2*h - 23, -3*h - 23 = 4*q. Is n(h) composite?
False
Let o(r) = -r**3 + 21*r**2 - 10*r - 37. Let x be o(20). Let h = 470 - x. Is h a composite number?
False
Let u(a) be the second derivative of 7*a + 0 + 13/2*a**3 - 5*a**2. Is u(5) prime?
False
Suppose 5*b - 19 - 1 = 0. Let i be (1 + -4)*6/(-9). Suppose -5*f = -i*h + 998, b*h = 4*f - 3*f + 2032. Is h a prime number?
True
Is 25374/9 - (-4)/(-12) a composite number?
False
Let p(q) = -q + 4. Let l be p(4). Suppose -6785 = -5*c - l*c. Is c prime?
False
Let x = 15 - 13. Suppose 3 = 3*h - 3*i, 5*h + x*i = 2*h + 23. Suppose -2109 = -h*b + 676. Is b prime?
True
Let z = -3974 + 6763. Is z a composite number?
False
Let n be (-1 + 7)*2/3. Suppose n*y + 7 = -z, 5*y = -4*z - 0*y + 16. Suppose 0 = -z*q + 13*q - 36. Is q a composite number?
True
Let m(r) = 9407*r - 1157. Is m(10) composite?
True
Let p = -15 - -30. Suppose -4*g = -g - p, x + 18 = g. Let b = x + 38. Is b composite?
True
Suppose 2*v = 7*v + 25, 4*b = 2*v + 22. Suppose -4*j + b*o = -599, 4*j = 3*j - 2*o + 158. Suppose c + a + j = 2*c, 0 = 5*c - a - 780. Is c a prime number?
True
Let q(p) = 7*p**2 - 2*p + 19. Let m(z) = -5*z + 1. Let i be m(-1). Is q(i) a composite number?
True
Let f(v) = 4*v + 57. Let i be f(-13). Suppose x + 0*t - 154 = -t, x + i*t - 174 = 0. Is x prime?
True
Let r = 20 + -18. Suppose -3969 = -5*a + 4*u, r*a = -0*a - 3*u + 1606. Is a composite?
False
Let z(y) = -y**2 + 8*y - 10. Let p be z(6). Let n(f) = 282*f - 7. Is n(p) a composite number?
False
Suppose 0 = 2*w + 4, l - 3 = -3*w + 2*w. Let f(n) = 56*n**2 - 6*n - 1. Is f(l) composite?
True
Let y(q) be the third derivative of q**6/120 + q**5/12 - 7*q**4/24 + 5*q**3/6 + 4*q**2. Is y(4) composite?
True
Is (-9 - (4 - 6087)) + 0 prime?
False
Let o(x) = x**3 - 13*x**2 - x + 16. Let m be o(13). Let i be -2*m*3/(-6). Suppose i*w - w = 106. Is w prime?
True
Suppose -143 = -5*w + l, 3*l - 2*l - 81 = -3*w. Suppose -p = 5*i + 60, p + w + 0 = 3*i. Let g = p + 95. Is g prime?
False
Suppose c + 4245 = 4*l, 9*l - 7*l = -3*c + 2119. Is l composite?
False
Let f(o) be the third derivative of o**4/24 + 125*o**3/2 - 5*o**2. Let g be f(0). Suppose 4*u = g + 509. Is u a prime number?
False
Let i(q) = -q + 16. Suppose 0 = -w - 0*w + 12. Let n be i(w). Is (n - 3) + (-13)/(-1) composite?
True
Let z(i) = i**2 + 8*i + 10. Let f be z(-7). Suppose 4 + 17 = -f*m - 3*h, 3*m - 4*h = -14. Is ((-9)/m)/(2/4) composite?
False
Let j(v) = -386 + 399 - 3*v - 5*v. Is j(-5) composite?
False
Let a(i) = -i**3 + 10*i**2 - 5*i + 9. Let c be (-4 - 17/(-4))*28. Is a(c) composite?
True
Suppose 7*r - 169559 = 156648. Is r composite?
False
Let q(b) = -b**3 - 7*b + 5. Let x = -62 - -55. Is q(x) prime?
True
Suppose -9*y = -5*y - h - 37620, 0 = 3*y - 2*h - 28210. Is y a prime number?
False
Let f = 25 + -27. Suppose 2*z + 3*z = 20. Is f*(2 + (-46)/z) prime?
True
Let q = -4171 - -2906. Suppose -j - 2*w - 3 = -18, 3*j - 10 = w. Is (q/j)/(1*-1) composite?
True
Let a(g) = -g + 6. Let n be a(2). Is (-12495)/(-42) + 6/n prime?
False
Let k be 1 - 4*1 - (-7 - -13). Is (-4782)/(-7) + k/63 a prime number?
True
Let i be (-29 + -4)*(-58)/3. Suppose z + z - i = 0. Suppose -r = t + 3*r - 77, 5*t - 2*r = z. Is t prime?
False
Is (0 + -4 + 5091)/1 prime?
True
Let v be 4/32*4*4. Suppose 0 = -v*r + 3*t - 0*t + 219, 5*r = -4*t + 582. Is r/3*15/6 composite?
True
Let t = -87 - -2140. Is t a prime number?
True
Suppose 8*y = -5 + 29. Suppose 0 = 2*l + y*a - 409, -2*a = l - 0*a - 204. Is l prime?
False
Suppose 3*k - 1 = -4*y - 0*y, 5*y + k = 4. Is (-11)/((y/(-127))/(4 - 3)) composite?
True
Suppose -5*a = -3*t + 5 + 8, -5*a - 4*t - 6 = 0. Let s(c) = -349*c - 13. Is s(a) a prime number?
False
Suppose 2*t - 4 = -0. Let i = t + 4. Is (-155)/(-2) - (-9)/i composite?
False
Suppose 10*u - 62 = 18. Suppose -2*s + u*i + 820 = 10*i, -5*i = s - 414. Is s prime?
True
Let v be (6/9)/(4/54). Suppose n = 4*n + v, 0 = 2*f - 4*n - 960. Suppose t - y = 3*y + 483, 0 = -t - 5*y + f. Is t prime?
True
Let r(o) = 3*o**3 - 25*o**2 + 20*o - 22. Let u = 26 + -11. Is r(u) a composite number?
True
Suppose -101*s = -104*s - 4395. Let p = -482 - s. Is p a prime number?
True
Let x be ((-3)/(-6) - 0)*10. Suppose 4*d + 4 = x*d. Is (-63)/2*d/(-6) a prime number?
False
Let y(d) = d**3 - 2*d**2 + 4*d + 3. Suppose 0*b - 3*b + 9 = 0. Suppose 4*a = 2*g - 16, -17 + 3 = -2*g + b*a. Is y(g) a prime number?
False
Suppose -b - 5*b = -5274. Suppose -160 = -y + b. Is y a composite number?
False
Let q(w) = -21*w - 4 + 6 - w**2 + 8*w. Let i be q(-13). Suppose -f = 0, i*u = -3*f + 34 + 72. Is u a prime number?
True
Let c(h) = h**3 + 5*h**2 + h + 2. Let u be c(-5). Let k be (-3122)/(u*(-4)/(-12)). Suppose 861 = -7*w + k. Is w prime?
False
Let n be 1036/16 - (-2)/8. Let p be (-17719)/(-141) - 10/6. Let h = p - n. Is h a prime number?
True
Let p be -337*(4 - (0 + 1)). Let a be (741/2)/((-30)/40). Let q = a - p. Is q composite?
True
Suppose 19 = -3*j - 8. Let b = j + 12. Suppose 0 = 2*x - 0*u - b*u - 209, 3*u = -2*x + 179. Is x composite?
False
Suppose -2*s - 5 + 741 = 0. Let y = s + -651. Let c = 518 + y. Is c composite?
True
Let o(p) = 25*p**2 - 3*p - 3*p + 4*p + 5*p**2 + 3. Let w(m) = m**2 + 1. Let t(d) = o(d) - 2*w(d). Is t(-3) a composite number?
True
Let v(g) = -2*g - 16. Suppose -5*x - 44 = -x. Let b be v(x). Is (-6)/18 + 716/b composite?
True
Suppose -3*r + 3*w - 10 = 5, -2*r + 18 = 5*w. Let t be 443*(2 + 0) - r. Let d = 120 + t. Is d a prime number?
False
Is (-396)/(-1) + -4 + 5 prime?
True
Let k(s) = 14*s**2 - s + 4. Suppose -3*v + 6 + 0 = 0. Suppose 2*x - v = -4*w - 3*x, 0 = -5*w - 5*x + 5. Is k(w) a composite number?
False
Let s be (-2)/(-14) + 135/(-63). Is 2 + (-2 - s) + (1563 - -12) composite?
True
Suppose 4*t + 4*k - 16 = 2*k, -4*t = -2*k - 24. Suppose 0 = 4*n - 3*w - 24, 0 = t*n + w - 2 - 9. Is 0 + n - -103 - -3 prime?
True
Let k(w) = 2592*w**2 - 31*w + 88. Is k(3) prime?
False
Let m = 18 + -103. Let x be (2 + -5 + 2)*230. Let v = m - x. Is v prime?
False
Let d be (-2)/8 - (-117)/52. Let a = 4 + d. Is -3 + a + 203 + -1 composite?
True
Let z(r) = 13 + 12*r - 3*r - 19*r - 4*r. Is z(-5) prime?
True
Is ((-55)/(-22))/(0 + (-1)/(-4694)) composite?
True
Let y be (-1 - 1)*6/(-2). Suppose -26 = -5*h - y. Is (-2 + h)/(-4)*-402 a prime number?
False
Let h be (8/28)/((-6)/(-84)). Is 0 + h + (817 - 19) a composite number?
True
Let z = -40 + -29. Let v be 150 + 1 + 0 - -1. Let a = v + z. Is a composite?
False
Let d = 1729 - 2995. Is 20/8*-6*d/45 a prime number?
False
Suppose -2*q = -3*k - 2*k + 19, -5*k + 4*q + 23 = 0. Suppose 2*u + k*u = -3*i + 1272, -4*i + u + 1673 = 0. Is i composite?
False
Suppose 4*f - 7*f - 24 = 0. Let k be (-14)/(-6) + f/(-12). Suppose 91 + 2 = k*a. Is a prime?
True
Suppose 4*f + 2*g - 3*g - 1521 = 0, 4*g - 359 = -f. Is f composite?
False
Is 4/(-6) + (-414470)/(-210) composite?
False
Suppose -72 = 4*x - 0*x. Let b be (2 + x)/2 - -1. Let u(l) = -127*l - 12. Is u(b) prime?
True
Suppose -375*x = -358*x - 115379. Is x a composite number?
True
Let y be (-2136)/(-9) + 2/(-6) - 1. Is y/(-8)*2*-1 prime?
True
Let c = 1079 + 1100. Is c prime?
True
Suppose 4*t + 2 = 18, 0 = 5*k - 4*t + 31.